11
Let d(h) = 16*h**3 - 2*h**2 + 3*h - 3. Let p be d(3). Suppose 0 = -w - 3*w + p. What is the remainder when w is divided by 27?
24
Suppose f = q - 2*f - 10, -5*q + 50 = -3*f. Calculate the remainder when 18 is divided by q.
8
Let s be ((-4)/(-7))/((-4)/(-14)). Let l be (3 + -1 + -2)/2. Suppose -s*d + l = -32. What is the remainder when d is divided by 6?
4
Let s(r) = -r**3 + 2*r - 2. Suppose 23*i = 7*i + 112. What is the remainder when s(-3) is divided by i?
5
Let h = -12 + 30. Let w = 81 + -28. Calculate the remainder when w is divided by h.
17
Suppose -4*c = -5*g - 27, -2*c + 4*c = -3*g - 3. Suppose -c*f + 41 = -2*k, -3*f = k - 32 + 3. Calculate the remainder when f is divided by 6.
5
Suppose 4*k + 20 = 2*h, -5 = 2*h - 6*h + k. Suppose -2*u + 4*u - 46 = h. Calculate the remainder when u is divided by 12.
11
Suppose 21 + 3 = i. What is the remainder when 47 is divided by i?
23
Let u = 548 + -298. What is the remainder when u is divided by 63?
61
Suppose -4*d + d = -87. Suppose 2*w + 2*w + 80 = 4*c, -c + 4*w + 35 = 0. Calculate the remainder when d is divided by c.
14
Calculate the remainder when 32 is divided by (-1 + -1)*(-340)/40.
15
Let a(q) = -5*q + 7. Let o be a(7). Calculate the remainder when 51 is divided by o/(1 + -3) + -1.
12
Suppose 5*f + 50 + 134 = 4*b, -247 = -5*b + 2*f. Calculate the remainder when b is divided by 13.
12
Suppose 2*k - 2*f - 8 = 0, 4*f + 16 = 4*k + 8*f. Calculate the remainder when k is divided by 4.
0
Let n(o) = -o**3 - 12*o**2 - 11*o + 7. Suppose -28 - 16 = 4*i. What is the remainder when 19 is divided by n(i)?
5
Let y be (-1 - -5)*4*1. Suppose -2*w = -y + 2. What is the remainder when 12 is divided by w?
5
Let g(w) = -w**2 - 9*w - 3. Suppose -a - 17 = 4*x, -4*a - 40 = -2*a + 2*x. Let n = a + 64. What is the remainder when n is divided by g(-3)?
13
Suppose t = 40 + 58. Suppose -16 - t = -2*r - 4*n, -2*r = 3*n - 115. What is the remainder when r is divided by 20?
19
Suppose 1440 = 5*v - 2*p, 5*p = -5*v - 0*p + 1405. Calculate the remainder when v is divided by 12.
10
Suppose g = 4*g + 4*j - 39, -2*j + 6 = 0. What is the remainder when 44 is divided by g?
8
Let s(j) = -j**3 - 3*j**2 - 2*j + 11. Calculate the remainder when s(-4) is divided by 110/6 - (-2)/3.
16
Suppose -43 - 2 = 3*y. Let m = -11 - y. Let q = 0 + 2. Calculate the remainder when m is divided by q.
0
Let r = -5 + 13. Suppose -r*t = -3*t - 35. What is the remainder when t is divided by 4?
3
Let u = -2 - -3. Let x = 17 + -10. Let t = 8 - x. Calculate the remainder when t is divided by u.
0
Let f = 26 + -36. Let c = 49 + -45. Calculate the remainder when c is divided by (4/f)/(2/(-10)).
0
Let o(b) = -b**3 + 6*b**2 + 17*b. What is the remainder when 46 is divided by o(8)?
6
Calculate the remainder when -84*-4*(-5)/(-30) is divided by 12.
8
Let g(s) = s + 2. Let n(a) = -a**2 + 7*a - 5. Let h be n(5). Calculate the remainder when 19 is divided by g(h).
5
Let c(y) = -y - 2. Calculate the remainder when -4 - (2/(-5) - 106/10) is divided by c(-6).
3
Let f(m) = -m**3 - 2*m**2 - 3*m - 13. Let h(g) = -g**3 - 3*g**2 - 4*g - 12. Let o(q) = -6*f(q) + 7*h(q). What is the remainder when 38 is divided by o(-8)?
8
Let s(q) = 2*q**2 + 10*q + 23. Calculate the remainder when s(-13) is divided by 18.
15
Let m(w) = 2*w - 10. Let t be m(7). Suppose -s + 59 = s + 5*y, 4*y = -t*s + 100. Calculate the remainder when -4*4/((-8)/21) is divided by s.
20
Let w(h) = 8*h**2 - 3*h. What is the remainder when w(2) is divided by (42/(-8))/((-15)/40)?
12
Let g(h) = -h**2 + 11*h + 7. Let v be g(9). Let k = 32 + v. Calculate the remainder when k is divided by 15.
12
Let w be (-5)/(-2)*(-48)/(-30). Let r = -3 + 6. Suppose 0 = -2*i + w*t - r*t + 31, 0 = -t - 5. What is the remainder when i is divided by 5?
3
Let u(q) = -q**2 - 24*q + 30. Calculate the remainder when 11 is divided by u(-25).
1
Let u = -14 - -19. What is the remainder when 13 is divided by u?
3
Let j(a) = -a + 11. Let p = 3 + -5. What is the remainder when (10/p)/((-5)/10) is divided by j(8)?
1
Calculate the remainder when 43 is divided by ((-3)/(-6))/(1/22).
10
Let w = -75 - -127. What is the remainder when w is divided by 14?
10
Suppose 3*k - 42 = -4*x - 0*k, 46 = 4*x + 5*k. Suppose -2*a - 3 - 7 = 0. Let q = a + 22. Calculate the remainder when q is divided by x.
8
Let t(j) = -12*j**2 - 1. Let q(l) = 13*l**2 - l. Let u(s) = 3*q(s) + 2*t(s). What is the remainder when u(-2) is divided by 22?
20
Suppose -4*t + 8 = 4*m + t, 4*m - 8 = t. Suppose 3*j = -m*l + 23, -2*j = 2*l - j - 25. Let k = 55 - 17. Calculate the remainder when k is divided by l.
12
Let g = 30 + -29. Calculate the remainder when 3 is divided by g.
0
Let s = -27 - -38. Let k(c) = -c**3 - 4*c**2 + 2*c + 6. What is the remainder when k(-5) is divided by s?
10
Let i(h) = 19*h**3 + 2*h - 1. Let m be i(1). Let c be (-2)/(-10) + m/25. What is the remainder when 14 is divided by ((-2)/(-4))/(c/16)?
6
Let i(g) = -g**2 + 11*g + 5. Calculate the remainder when i(5) is divided by 19.
16
Let o(d) = -d**3 - 6*d**2 - 3*d + 2. What is the remainder when o(-6) is divided by 11?
9
Suppose -h = 4*n + 13, 2*h + 27 - 7 = -5*n. Let d be 8/((1 - 2)*n). Suppose -d*u + 32 = 4. Calculate the remainder when 11 is divided by u.
4
Let o be (-6)/24 - (-9)/4. Suppose 3*d = o*d + 3. Calculate the remainder when 5 is divided by d.
2
Let p = 8 - 2. What is the remainder when 11 is divided by p?
5
Let b(x) = -2*x**3 - 2*x**2 - x + 3. Calculate the remainder when 49 is divided by b(-2).
10
Let p = 11 - 2. Suppose p + 61 = 5*c. What is the remainder when 25 is divided by c?
11
Let h = 148 + 1. Let r = 17 + -12. Suppose h = r*s + 39. What is the remainder when s is divided by 12?
10
Let n = 10 - -78. What is the remainder when n is divided by 23?
19
Suppose -5*h = -2*a - 15, 6 = 3*a - 6*a + 2*h. Suppose 4*j + 0*j - 116 = a. Calculate the remainder when j is divided by (1065/(-35))/(-3) + 2/(-14).
9
Let s = 222 - 79. Calculate the remainder when s is divided by 24.
23
What is the remainder when 3/(7/(868/6)) is divided by 16?
14
What is the remainder when 230 - (8/12)/((-4)/6) is divided by 47?
43
Let z(m) = -m**3 + 23*m**2 - 50*m + 29. Calculate the remainder when z(20) is divided by 23.
22
Suppose 2*t - 62 = 44. Suppose -8*v - 7*v = -270. Calculate the remainder when t is divided by v.
17
Suppose 5*x = 2*k + 693, -2*x + k - 133 = -3*x. Calculate the remainder when x is divided by 35.
32
Let r(m) = -m**2 - 12*m - 3*m + m - 15. Suppose -22 = 4*z + 18. What is the remainder when r(z) is divided by 9?
7
Let n be (-8)/20 - 2/(-5). Suppose n = 5*b - 2*b - 6. Suppose -b*a + 4 + 2 = 0. What is the remainder when a is divided by 2?
1
Let y be 3 + -5 + -1*2. Let d = y + 11. Calculate the remainder when 13 is divided by d.
6
Suppose 0 = -3*i - 3*k + 147, -3*i - 4*k = -3*k - 145. Suppose i = -0*x + 2*x. What is the remainder when 47 is divided by x?
23
Calculate the remainder when -3 + (7 - 0) - -58 is divided by 22.
18
Let k = -3 - -6. Let t be 110/7 + (-2)/(-7). Suppose k*n - 20 = t. What is the remainder when 35 is divided by n?
11
Let a(d) = 14*d - 15. What is the remainder when a(6) is divided by 14?
13
Let r(b) = 3*b**2 + b - 3. Let k(c) = c**2 + c - 1. Let l(h) = 5*k(h) - r(h). Calculate the remainder when l(-4) is divided by 6.
2
Let w(b) = b**2 + 8*b + 15. Let r be w(-6). Suppose -r*t = t - 44. Calculate the remainder when 41*((-4)/(-2) + -1) is divided by t.
8
Suppose 2*p - w - 198 = 0, -3*p - w + 302 = -0*p. What is the remainder when p is divided by 17?
15
Let i = -34 - -56. Suppose -v - 1 - 2 = -b, 4*b = -v + i. Suppose -2 = -3*g + b*u, -5*g = 4*u - 2*u - 55. What is the remainder when 16 is divided by g?
7
Let s(n) = -n**3 + 5*n**2 + n. Let d be s(5). Suppose d*q = q + 96. Calculate the remainder when 47 is divided by q.
23
Calculate the remainder when 26 is divided by -2 + 2 + -5 + 10 + -1.
2
Suppose 16 = -2*m - 2*a, a + 28 = -4*m - 2*a. Let g be ((-12)/(-10))/(m/10). What is the remainder when 22 is divided by 10 - (-3 - -2 - g)?
6
Suppose 5*o - 12 = 8. Suppose -2*d = 10, 0 = -r - 3*d + d - 8. Suppose 0*g + r*g = 10. What is the remainder when g is divided by o?
1
Suppose 5*q + 4 - 14 = 0. What is the remainder when 15 is divided by ((-20)/15)/(q/(-12))?
7
Let l(n) = n**3 - 8*n**2 + n 